7
Let x(b) = -b**2 + 3*b + 2. Let j be x(3). Let i be 1/(-1*(-3)/(-3)). Let l = j + i. What is the units digit of l?
1
Let w(m) be the first derivative of 2*m**3 - 2*m**2 - m - 4. Let s be w(3). Suppose 2*h + s = 3*c, 4*h = c - 2*c + 9. What is the units digit of c?
3
Let g be (6/12)/(2/4). Let k(x) be the first derivative of 6*x**2 + x + 2. What is the tens digit of k(g)?
1
Let c be (8/(-10))/((-1)/(-5)). Let d(g) = g**3 + 5*g**2 + 4*g - 3. Let z be d(c). What is the units digit of 2 - (-6)/(-9)*z?
4
Suppose -5*v - 10 = -s, 2*s - 4 = 4*v + 4. Suppose -4*d + 42 = -2*l - s*l, 5*d = -4*l + 46. What is the units digit of d?
0
What is the tens digit of -20*(2 + 3 + -7)?
4
Let h = 13 + -9. What is the units digit of (2/h)/(3/72)?
2
Suppose 2*l = -3*l. Let w(a) = a + 18. Let v(z) = z + 17. Let m(j) = -4*v(j) + 5*w(j). What is the tens digit of m(l)?
2
Let z(c) = -c**3 - 5*c**2 - 2*c + 6. What is the units digit of z(-5)?
6
Suppose -5*i + 455 = z, -4*i + 2*z + 0*z + 350 = 0. What is the tens digit of i?
9
Suppose -5*i = j - 196, -4*j - 3*i + 319 + 516 = 0. Suppose -j = -4*f - 55. What is the units digit of 6/12 + f/2?
0
Let x = -3 + 3. Let v = 2 + x. Suppose -2 = -v*z - 0*z. What is the units digit of z?
1
Suppose -7*y + 2*y - 5*t + 1075 = 0, y - 203 = 2*t. What is the hundreds digit of y?
2
Suppose -5 - 6 = -c. What is the units digit of c?
1
Let u(y) = -y**3 - y**2 + y - 3. Suppose 3 = 3*p - 21. Let r = 5 - p. What is the tens digit of u(r)?
1
Suppose 4 = -5*v - 5*r - 1, 3*r = 2*v - 3. Suppose 3*n - 9 = -v*n. What is the units digit of n?
3
Suppose 3*w + 8 = -7. Let c be (-18)/w - 8/(-20). Suppose -y + c = y. What is the units digit of y?
2
Let u(l) = l**3 - 8*l**2 + 9*l - 10. Let a be u(7). Suppose -5*r + 3*z = 5 - 2, 0 = -a*r + z - 8. What is the units digit of ((-26)/6)/(1/r)?
3
Suppose 3*m - 3*d - 52 = -8*d, -m - 1 = -2*d. What is the units digit of m?
9
Let h(r) = -3*r + 12. Let d(t) = -t. Let g(w) = -4*d(w) + h(w). What is the units digit of g(-5)?
7
Suppose 4*d = -182 + 22. Let o = d - -76. What is the units digit of o?
6
Let x(m) = 19*m**2 - 11. What is the units digit of x(-3)?
0
Let a(z) = z**3 + 5*z**2 - 9*z - 4. Suppose -21 = 2*m - 3*g, 15 = -m + 2*g + g. What is the tens digit of a(m)?
1
Suppose 20 = y + 3*y, 4*u = y + 3. Suppose -i + 4*x + 76 = 4*i, -4*i + u*x = -56. What is the tens digit of i?
1
Let k(q) = -13*q**2 - q + 13*q**2 + 10*q**3. Let d be k(1). What is the units digit of 1/3 - (-42)/d?
5
Suppose -3*l = 89 - 305. Suppose -c + 2*a + 3*a + 36 = 0, 2*a = 4*c - l. What is the units digit of c?
6
Let k(c) = 3*c**3 - 2*c - 1. Let p be k(-1). Let y = -6 - -17. Let x = p + y. What is the units digit of x?
9
Let b = 17 + -5. Let r(c) = -2*c - 2. Let x be r(-3). Let i = b - x. What is the units digit of i?
8
Let f(o) = -o**3 + 6*o**2 - 7*o + 1. Let z be f(5). Let q be 249/27 - (-2)/z. What is the units digit of (9/6)/(q/24)?
4
Suppose 13 - 1 = -2*v. Suppose -5*p + 397 + 8 = 0. What is the units digit of (2/(-3))/(v/p)?
9
Suppose 3*h + 5*t = 4*h + 10, -3*t = -4*h + 45. Suppose 5*z - 125 - h = 0. What is the tens digit of z?
2
Let k be (-4)/8 + 6/(-4). Let p = k - -9. What is the units digit of (-2)/(-7) + 54/p?
8
Let l be 5/10 - 23/(-2). Let x(o) = 6*o. Let q be x(-1). Let n = q + l. What is the units digit of n?
6
Let p = -168 - -240. What is the units digit of p?
2
Let m = -86 + 173. What is the units digit of m?
7
Suppose c - 7 = -3. Suppose -8 = 2*p - c. What is the units digit of (-119)/(-9) - p/(-9)?
3
What is the tens digit of (29 - 6) + 3/1?
2
Let d(b) = 7*b - 1. Let g(m) = m + 2. Let y = 1 - 2. Let l be g(y). What is the units digit of d(l)?
6
Let g = 13 + -22. What is the tens digit of ((-24)/g)/(2/9)?
1
Suppose o + 246 = h, -2*h + 399 = o - 93. What is the units digit of h?
6
Let a = -22 + 13. Let o(q) = -q**3 - 10*q**2 - 10*q - 1. What is the units digit of o(a)?
8
Let g(t) = -t - 3. Let c be g(-5). Suppose -z - l = -3*z + 57, c*z + 2*l - 48 = 0. What is the units digit of z?
7
Let y = -50 + 89. What is the tens digit of y?
3
Let l = -3 - 2. Let d = l + 16. What is the tens digit of d?
1
Suppose 5*a - 23 = 3*i + a, -4*i - 40 = 4*a. Suppose -v = -0*v - 1, 4*v = -2*n - 4. Let t = n - i. What is the units digit of t?
5
Let v(y) = -16*y + 2. Let z be v(-2). Suppose 0 = 4*n - m - z, 4*m + 48 = 5*n - 0*m. What is the units digit of n?
8
Let x(v) = v**3 - 4*v + 3*v**3 + 5*v. Let d be x(1). What is the units digit of ((-8)/(-5))/(1/d)?
8
Let i = 93 + -48. What is the units digit of i?
5
Suppose 5 = 2*y - 3. Suppose 3*h + 3 = 0, 2*h = 3*u - y*u + 14. What is the units digit of u?
6
Let j = -57 - -136. What is the tens digit of j?
7
Let h be 2*(4 - (3 + -1)). Let s = 0 + h. What is the units digit of s?
4
Let k(c) = c**2 - 8*c - 5. Let w(h) = h + 2. Let b be w(7). Let s be k(b). Let j(g) = -g**3 + 6*g**2 - 6*g + 4. What is the tens digit of j(s)?
1
Suppose -3*g + c = -5*g - 9, -5*g - 3*c = 20. Let v(s) = -s + 5 + 3 - 5. What is the units digit of v(g)?
0
Let z(p) = -p**2 + 9*p + 6. Let b be z(9). Suppose x - 8 - 1 = 0. Suppose x = b*i - i + 2*q, 5*q = i - 18. What is the units digit of i?
3
Let a be (-4)/3*6/(-4). Suppose -b + a*b - 3 = 0. What is the units digit of b?
3
Suppose -i = -4, -4*d + 3*i + 19 + 5 = 0. What is the units digit of d?
9
Let a(p) = -4*p**3 - p**2 + p + 1. Let v be a(-1). Suppose -v*y - 12 = -2*x - 0*y, 5*y + 20 = 3*x. Let r = 11 + x. What is the tens digit of r?
1
Let v(y) = -y**3 + 4*y**2 + y + 24. What is the units digit of v(5)?
4
Suppose -4*s + 20 = 2*n, s - 10 = -0*n - 3*n. Suppose 0*z = -z + n. What is the units digit of z?
2
Let m(h) = h**2 + 2*h - 3. Let n be m(-4). Suppose -4 = 3*u - n*u. What is the units digit of u?
2
Let g = 26 + 24. Let u = g - 30. What is the tens digit of u?
2
What is the units digit of 980/8*(-2)/5*-5?
5
Let j(r) = r**2 - 1. Let u(z) be the third derivative of 11*z**6/120 + z**4/24 - z**3/3 + 2*z**2. Let a(l) = -j(l) + u(l). What is the units digit of a(1)?
0
Let k(r) = 2*r**2 + 4*r - 6. Suppose 4*q + 35 = 7. Let h be k(q). Suppose -h + 19 = -5*y. What is the units digit of y?
9
Let s = 46 - 23. What is the tens digit of s?
2
Let p be -1 - 2*(-141)/6. Suppose -3*w - 2*f = -p, 0*f + 30 = 2*w + f. What is the tens digit of w?
1
Let i = 8 - 1. Suppose -i = -g - 2. Let m = g + 1. What is the units digit of m?
6
Suppose 0 = 3*i - 5*g + 5, -2*i - 2*g + 16 + 2 = 0. Suppose -10 = 2*w - 3*t, 2*w - 3*w - i*t = -21. What is the units digit of w?
1
Let m be 1/(2 - 122/62). Let q = m + -20. Let n = -8 + q. What is the units digit of n?
3
Let c(m) be the second derivative of m**5/20 + m**4/12 + m**3/6 + 21*m**2/2 + 6*m. What is the tens digit of c(0)?
2
Suppose h - 6 = -2*h. Suppose -4 = -h*c + 20. What is the tens digit of c?
1
Let a be -1*(-7 - (3 - 5)). Suppose -a*k + 3*k = -22. What is the tens digit of k?
1
What is the units digit of 1/(1 + ((-43)/22 - -1))?
2
Let h be (-1)/3 - 609/9. What is the units digit of h/(-18) + 2/9?
4
Let a(y) = -42*y - 54. What is the tens digit of a(-5)?
5
Let g = 8 + -2. Suppose -h + 2*h - g = 0. What is the units digit of h?
6
Suppose 2*g - 2 = 4. Suppose -3*s + 8*s + i = 24, -s + g = 2*i. What is the units digit of s?
5
Let x(r) = -5*r**3 + r**2. Let d be x(-1). Let y(g) = 4*g + 4. What is the units digit of y(d)?
8
Let w(i) = -3*i**3 - 19*i**2 + 10*i + 4. What is the tens digit of w(-8)?
4
Let v(w) = 26 - 17 - 11 + 3*w. Suppose 0 = -4*x + 13 - 1. What is the units digit of v(x)?
7
Let o(h) = -h**2 - 4*h - 2. Let g be o(-4). Let u be -2 + g*(-33)/6. Suppose 32 - u = 2*t - 5*r, -4*r = 3*t. What is the units digit of t?
4
Suppose -3*v - 3*n = 0, -3*v - 4*n = -9*n. Suppose v = -k - 6 - 0. Let p(w) = w + 14. What is the units digit of p(k)?
8
Suppose 3 = 2*z - l, 0 = -0*z - 3*z + 5*l - 13. Suppose z*v - 19 = 73. What is the units digit of v?
3
Suppose -y - 10 = 1. Let a = -6 - y. Suppose 0 = x + 5*k + 5, -a*x + 2*k + 24 = -x. What is the units digit of x?
5
What is the hundreds digit of 672/(-20)*(-5 + 0)?
1
Let h(s) = 2*s**3 + s**2 + s. Let r be h(-1). Let z(q) = -18*q - 2. What is the units digit of z(r)?
4
Let b be (-12)/(2 + -3) - 2. Suppose 5*c - 3*c - b = 0. Suppose -5*v + 3*q = -1, 3*v - c*v = -3*q + 5. What is the units digit of v?
2
Let j(q) = q